lculate the remainder when 8347683 is divided by 76.
71
What is the remainder when 1924456 is divided by 126?
58
Calculate the remainder when 114347 is divided by 514.
239
Calculate the remainder when 1067255519 is divided by 80.
79
What is the remainder when 1444195 is divided by 2008?
443
What is the remainder when 660715 is divided by 9399?
2785
What is the remainder when 46056233 is divided by 75?
8
Calculate the remainder when 730016514 is divided by 243338837.
3
Calculate the remainder when 108613 is divided by 15511.
36
What is the remainder when 60221732 is divided by 15055433?
0
What is the remainder when 3385590 is divided by 1067?
1066
Calculate the remainder when 314590 is divided by 20972.
10
What is the remainder when 31075295 is divided by 524?
523
Calculate the remainder when 44398 is divided by 10991.
434
What is the remainder when 7797744 is divided by 1153?
5
Calculate the remainder when 3216617 is divided by 358.
345
What is the remainder when 14282 is divided by 541?
216
What is the remainder when 54409362 is divided by 13602322?
74
Calculate the remainder when 1770314 is divided by 354.
314
What is the remainder when 342537 is divided by 14889?
90
Calculate the remainder when 3062054 is divided by 2705.
2699
Calculate the remainder when 942715 is divided by 6547.
6494
What is the remainder when 11387392 is divided by 1031?
1028
Calculate the remainder when 594493 is divided by 1150.
1093
What is the remainder when 40363992 is divided by 247?
240
Calculate the remainder when 814247 is divided by 22613.
179
What is the remainder when 17688298 is divided by 5895891?
625
What is the remainder when 134334370 is divided by 625?
620
What is the remainder when 16716977 is divided by 726813?
278
What is the remainder when 5942740 is divided by 27?
13
What is the remainder when 737680 is divided by 27318?
94
What is the remainder when 853423 is divided by 2286?
745
What is the remainder when 7331840 is divided by 733184?
0
What is the remainder when 511855 is divided by 816?
223
Calculate the remainder when 44165 is divided by 14708.
41
What is the remainder when 20012094 is divided by 718?
716
What is the remainder when 199066325 is divided by 181?
172
Calculate the remainder when 4998467 is divided by 164.
75
Calculate the remainder when 567643 is divided by 94571.
217
What is the remainder when 769112 is divided by 242?
36
What is the remainder when 4545996 is divided by 1267?
0
What is the remainder when 23299001 is divided by 3883165?
11
What is the remainder when 7879881 is divided by 1969856?
457
Calculate the remainder when 2923346 is divided by 510.
26
What is the remainder when 980303 is divided by 3711?
599
Calculate the remainder when 64472849 is divided by 20.
9
Calculate the remainder when 1922210 is divided by 640711.
77
Calculate the remainder when 304977 is divided by 332.
201
What is the remainder when 2151062 is divided by 239006?
8
Calculate the remainder when 45811 is divided by 3687.
1567
What is the remainder when 3936415 is divided by 211?
210
What is the remainder when 45437603 is divided by 1469?
1433
What is the remainder when 1660739 is divided by 161?
24
Calculate the remainder when 4902457 is divided by 58.
7
Calculate the remainder when 70068640 is divided by 242452.
12
Calculate the remainder when 11756 is divided by 8237.
3519
Calculate the remainder when 49715 is divided by 1339.
172
What is the remainder when 231446212 is divided by 16531871?
18
Calculate the remainder when 40014204 is divided by 139.
135
Calculate the remainder when 7528884 is divided by 409.
12
What is the remainder when 417295 is divided by 197?
49
What is the remainder when 3576801 is divided by 8661?
8469
What is the remainder when 188126281 is divided by 4?
1
What is the remainder when 260089 is divided by 2098?
2035
Calculate the remainder when 1813210 is divided by 103.
101
Calculate the remainder when 3072982 is divided by 1.
0
Calculate the remainder when 9567324 is divided by 81772.
0
Calculate the remainder when 3188122 is divided by 569.
15
What is the remainder when 97008 is divided by 32159?
531
Calculate the remainder when 1217381 is divided by 2284.
9
What is the remainder when 32684 is divided by 1515?
869
Calculate the remainder when 19577 is divided by 1948.
97
What is the remainder when 384658 is divided by 38400?
658
Calculate the remainder when 1962853 is divided by 56.
53
What is the remainder when 799238 is divided by 88802?
20
Calculate the remainder when 129026 is divided by 9049.
2340
What is the remainder when 19918533 is divided by 6639498?
39
What is the remainder when 26625084 is divided by 1648?
1644
What is the remainder when 423097 is divided by 1881?
1753
Calculate the remainder when 3583105 is divided by 716620.
5
What is the remainder when 20050685 is divided by 1359?
1358
What is the remainder when 23864660 is divided by 2310?
50
What is the remainder when 46799 is divided by 181?
101
Calculate the remainder when 82523 is divided by 82502.
21
Calculate the remainder when 466738 is divided by 6223.
13
Calculate the remainder when 1438969 is divided by 287676.
589
What is the remainder when 354865 is divided by 35486?
5
Calculate the remainder when 92969311 is divided by 36.
31
What is the remainder when 217228734 is divided by 649?
646
What is the remainder when 313677 is divided by 6351?
2478
What is the remainder when 188199 is divided by 308?
11
Calculate the remainder when 7579005 is divided by 35.
0
Calculate the remainder when 38651 is divided by 2746.
207
Calculate the remainder when 149976 is divided by 314.
198
What is the remainder when 141829 is divided by 15652?
961
What is the remainder when 285411 is divided by 660?
291
Calculate the remainder when 6449293 is divided by 109310.
3
What is the remainder when 267472 is divided by 4529?
261
What is the remainder when 5874013 is divided by 71634?
25
What is the remainder when 85169982 is divided by 54?
48
Calculate the remainder when 9063206 is divided by 95402.
16
Calculate the remainder when 68100931 is divided by 68100914.
17
Calculate the remainder when 13327414 is divided by 216.
214
Calculate the remainder when 6912148 is divided by 14.
12
What is the remainder when 1691389 is divided by 458?
453
What is the remainder when 327769 is divided by 90?
79
Calculate the remainder when 215836 is divided by 254.
190
Calculate the remainder when 20401471 is divided by 77572.
35
What is the remainder when 44538933 is divided by 10399?
16
Calculate the remainder when 418040 is divided by 118.
84
What is the remainder when 1972964 is divided by 394586?
34
Calculate the remainder when 87409 is divided by 164.
161
Calculate the remainder when 2039957 is divided by 187.
161
Calculate the remainder when 5579524 is divided by 557935.
174
Calculate the remainder when 72534813 is divided by 144.
141
Calculate the remainder when 320383 is divided by 5339.
43
Calculate the remainder when 664940 is divided by 2922.
1646
Calculate the remainder when 37693498 is divided by 306451.
25
Calculate the remainder when 1789422 is divided by 2703.
36
What is the remainder when 106241 is divided by 1932?
1913
Calculate the remainder when 33706 is divided by 1598.
148
Calculate the remainder when 1179078 is divided by 392988.
114
Calculate the remainder when 1607831 is divided by 4352.
1943
What is the remainder when 26991144 is divided by 182?
180
What is the remainder when 13196 is divided by 3284?
60
What is the remainder when 13483228 is divided by 32?
28
Calculate the remainder when 51789 is divided by 101.
77
What is the remainder when 55403 is divided by 1104?
203
Calculate the remainder when 273601348 is divided by 30.
28
Calculate the remainder when 112667579 is divided by 590.
589
What is the remainder when 13564 is divided by 2909?
1928
Calculate the remainder when 53825 is divided by 17263.
2036
Calculate the remainder when 1024286 is divided by 2427.
92
What is the remainder when 110273 is divided by 1380?
1253
What is the remainder when 2381678 is divided by 4802?
4688
What is the remainder when 27355411 is divided by 5142?
5113
What is the remainder when 1568696 is divided by 42396?
44
What is the remainder when 840682 is divided by 418907?
2